(-8)/28. Let w be ((-8)/6)/1*g. Let v be 4/(-5)*210/w. What is the highest common factor of v and 28?
14
Let u be 2/6*(-5 + 4)*-105. What is the highest common divisor of u and 70?
35
Let z(q) = q**3 + 4*q**2 - 4*q + 3. Let a be ((-6)/(-10))/(7/35). Let v be z(a). What is the greatest common divisor of v and 6?
6
Let s = 275 + -253. What is the greatest common divisor of s and 88?
22
Let j(k) = k**2 + 49*k - 1080. Let o be j(-67). Suppose 0 = 3*l - 52 - 2. Calculate the highest common divisor of o and l.
18
Let f(w) = -3*w**3 + w**2 + 4*w + 7. Let o be f(-2). Suppose o = 2*v - a, v - 5*v = -a - 53. Calculate the highest common factor of 13 and v.
13
Let x be 12/(-18)*-34*(-6)/(-8). Calculate the greatest common factor of x and 85.
17
Let s(j) = -j**3 - j**2 + 2. Suppose c = 4*f - 4 + 9, -f - 3*c + 15 = 0. Let l be s(f). Calculate the highest common factor of 14 and l.
2
Suppose 689 = 3*i - 5*w, -4*w = -i - 7*w + 253. What is the highest common divisor of 14 and i?
14
Let z = 83 + -70. Calculate the highest common factor of 663 and z.
13
Let t(h) = -18*h**3 + h**2 - 2*h. Let x be t(-2). Let y be -2 + 10/6 + (-1812)/(-36). Let j = -31 + y. Calculate the highest common factor of x and j.
19
Let h(p) = 2*p**3 - p**2 - 3*p + 11. Let z be h(4). Calculate the greatest common factor of 703 and z.
37
Suppose -2*w + 4 - 14 = 0, 22 = d + w. Suppose d = 62*n - 59*n. What is the greatest common factor of n and 9?
9
Let a(c) = c**2 + 2*c + 1. Let t = 22 - 26. Let h be a(t). Let j be 4/(-10) + (-814)/(-10). Calculate the highest common divisor of j and h.
9
Suppose 0 = -11*h + 189 - 79. Let t = -198 - -200. Calculate the greatest common factor of t and h.
2
Let g(k) = 51*k - 227. Let d be g(6). What is the greatest common divisor of d and 1185?
79
Let l be ((-15)/3)/((-2)/6). Let k be l/(-10)*20/(-3). What is the greatest common divisor of 50 and k?
10
Let f be (-6 + 41)*(-12)/(-14). Let g be (-278)/(-6) + (4 - 32/6). What is the greatest common factor of f and g?
15
Suppose 0*i - 167 = -4*w + 5*i, -4*i + 68 = w. Let d(x) = 64*x - 120. Let h be d(3). Calculate the greatest common factor of h and w.
24
Let k(f) = 4*f**2 - 5*f - 4. Let n be k(8). What is the greatest common divisor of n and 53?
53
Let o be (-722)/(-6) + (-4)/(-6). Let c = -10 - -14. Suppose 3*p = 2*p - 4, -c*k - 4*p + 28 = 0. What is the greatest common divisor of o and k?
11
Let g(r) = 12*r - 38. Suppose -2*m - 1 - 11 = -4*t, 5 = t. Let n be g(m). What is the greatest common divisor of 10 and n?
10
Let s(y) = -4*y + 262. Let l be s(-6). Calculate the highest common factor of l and 330.
22
Let t(j) be the second derivative of -j**5/20 + j**4/6 + 2*j**3/3 + 5*j**2/2 + 31*j. Let l be t(3). What is the highest common factor of 56 and l?
8
Suppose -3*p - 417 = -4*t, 0 = 3*t - p - 107 - 212. Suppose r - 60 + 33 = 0. What is the greatest common divisor of r and t?
27
Suppose -5 = x - 8. Suppose -s + 0*s = x. Let p = 7 - s. Calculate the highest common factor of 15 and p.
5
Suppose -294 = -7*s + 266. What is the highest common factor of s and 5?
5
Let j = 20 - 8. Suppose 44 = 5*c - 116. Let u = c + -8. What is the highest common factor of j and u?
12
Let r(q) = -q**3 + 7*q**2 + 10*q - 4. Let h be r(8). Calculate the greatest common factor of 30 and h.
6
Let m(b) = b - 59. Let k be m(14). Let u = k + 52. Calculate the highest common factor of u and 14.
7
Suppose 106 = -7*x + 36. Let b be ((-76)/(-6))/(x/15 - -1). What is the highest common divisor of 38 and b?
38
Let i(k) = -4*k + 0*k + 3*k + 3*k**2. Let c be i(-1). Calculate the highest common divisor of 8 and c.
4
Let p = -349 - -523. What is the greatest common divisor of 290 and p?
58
Let o(f) = -f**3 - f**2 + 29*f + 56. Let k be o(-2). Let v be -1*(2/2 + -5). Let n = k + v. Calculate the greatest common divisor of n and 15.
3
Suppose 6*w - 3*w = -v + 10, -3*v = 5*w - 14. Suppose 2*t - 64 - 24 = 0. Let i = t + -40. What is the greatest common divisor of i and w?
4
Let y be 3*595/102*(-592)/(-14). What is the greatest common factor of y and 40?
20
Let v = -207 - -209. Let h(r) be the first derivative of r**2/2 + 14*r + 1. Let l be h(-6). What is the highest common divisor of v and l?
2
Let a(x) = -x**3 + 4*x**2 + 3*x - 4. Let b be a(-3). Suppose 5*j = -35 + 5. Let r be 8/(-48) + (-61)/j. What is the highest common factor of r and b?
10
Let o(k) = -19*k**3 + 2*k**2 + 3*k + 1. Let u be o(-1). Suppose -480 = -22*r + u*r. What is the greatest common factor of 10 and r?
10
Suppose 5*b = 207 + 783. Let u be 4/22 - (-980)/55. Calculate the highest common divisor of u and b.
18
Suppose 0*t + 2*t - 335 = -3*b, 5*t - 843 = -2*b. Suppose -272 = -9*w + t. Calculate the highest common factor of 7 and w.
7
Suppose 2 = t, -4*y + 2*t + 4 + 8 = 0. Let a be y/(((-2)/5)/(-1)). Let h = 78 + -53. Calculate the greatest common divisor of a and h.
5
Suppose -152*u = -161*u + 432. What is the greatest common factor of u and 88?
8
Let i(d) = -d - 22. Let s be i(-11). Let v = s - -10. Let k be -12 - -14 - (1 + v). What is the greatest common divisor of 6 and k?
2
Let m = -15 + 16. Let o be (m/2)/(1/14). What is the greatest common divisor of o and 28?
7
Suppose 0 = -11*r + 7*r + 584. Let i = r - 140. Calculate the highest common factor of 78 and i.
6
Suppose 3*u - 35 = -5*j, u - 5*u + 3*j = -8. Suppose -u*x + 9 + 6 = 0. Suppose 5*y = 46 + 89. What is the highest common divisor of x and y?
3
Let z(s) = -s**2 - 53*s + 1250. Let k be z(0). What is the highest common divisor of k and 10?
10
Let t(n) be the first derivative of 7*n**3/3 + 3*n**2/2 - 4*n + 36. Let v = -1 - -4. Let a be t(v). Calculate the greatest common factor of a and 17.
17
Suppose 0 = -3*x - 4*d + 93 + 126, 0 = -2*x - 2*d + 148. Calculate the highest common divisor of x and 11.
11
Let m(z) = -z**3 + 9*z**2 - 6*z - 16. Let t be m(8). Suppose t = 11*w - 2 - 9. Let v be (5/(-4))/(1/(-4)). What is the greatest common factor of v and w?
1
Suppose -13*w = -27*w + 798. Calculate the highest common factor of w and 228.
57
Let h be (-9*66/(-36))/((-2)/(-12)). Let b = 17 - 6. What is the greatest common divisor of h and b?
11
Suppose 3*m + 113 = 2*r - 18, 4*m = 20. What is the greatest common divisor of r and 511?
73
Let d(u) = -u**3 + 4*u**2 + 33*u - 9. Let j be d(-6). What is the greatest common divisor of 17 and j?
17
Let g(q) = q**3 - q**2 - q - 156. Let a be g(0). Let u be (-4)/(-26) + (-24000)/a. What is the greatest common divisor of u and 22?
22
Let n be (-368)/(-36) + 6 - 4/18. Suppose 3*x - 4*x = -26. Let z = x - n. What is the highest common divisor of 110 and z?
10
Suppose 92 = -5*k + 352. Suppose -4*r + 168 + k = 0. What is the greatest common factor of r and 22?
11
Let x(m) be the second derivative of -5/6*m**3 + 0*m**2 - 9*m + 0. Let w be x(-1). Calculate the highest common factor of w and 1.
1
Let t = 25 - 48. Let x be t/(-4)*(-5 - -9). Let o = 134 + 27. What is the greatest common factor of o and x?
23
Let o = 254 - 59. Let n(v) = v**2 + 15. Let q be n(0). Calculate the highest common divisor of o and q.
15
Let c be ((-9)/3 + 6)*5. Suppose -94 = 5*w - 769. What is the greatest common factor of c and w?
15
Let l = -56 - -60. Let o(b) = -b**2 + 5*b - 5. Let g be o(5). Let t = l - g. What is the highest common factor of t and 3?
3
Let p(w) = -w**3 - 10*w**2 - 2*w - 10. Let v(i) = 4*i - 66. Let k be v(14). Let l be p(k). Calculate the highest common factor of l and 10.
10
Let d be (-2)/10 + (-81)/45 - -6. Let w(q) = -q - 1. Let f be w(-5). What is the highest common divisor of f and d?
4
Let y(a) = 3*a**3 + a**2 - a - 9. Let x be y(3). What is the highest common factor of 130 and x?
26
Let a(m) = -2 - 1 - 2 + m**2 + 3*m**2 - m. Let f be a(-7). Calculate the highest common divisor of f and 18.
18
Let k be (7 + -28)*(-1)/((-18)/(-102)). What is the greatest common divisor of 17 and k?
17
Let z = 53 - -1. Suppose -35 = o - 1. Let p = o + z. What is the greatest common factor of p and 20?
20
Let g be 2/(-5) + (-364)/(-10). Let x = -45 - -47. Suppose -z + 0*z = 5*b - 2, x*b + 40 = 3*z. Calculate the highest common divisor of z and g.
12
Let v be (-6)/3 - (-5)/((-5)/(-48)). Calculate the greatest common factor of v and 391.
23
Suppose -3*f - 4*u = u - 47, 4*u - 16 = 0. Let k be 16/24 - (-14)/6. What is the h